n base 4?
211220
Convert 210103 (base 4) to base 6.
14431
What is 2111221 (base 3) in base 14?
950
-1131 (base 6) to base 13
-17b
What is -1010010000111100 (base 2) in base 7?
-233402
12bb1 (base 12) to base 16
6535
What is -4385 (base 14) in base 7?
-46025
What is -1ed (base 16) in base 11?
-409
Convert 9b0 (base 13) to base 3.
2021122
-19a36 (base 13) to base 9
-75612
What is 1304 (base 6) in base 12?
234
What is 2011010 (base 4) in base 14?
3164
What is -322221 (base 7) in base 15?
-118ec
8969 (base 16) to base 6
430505
Convert 101111111 (base 2) to base 14.
1d5
What is -2063 (base 8) in base 13?
-649
What is -1515 (base 11) in base 5?
-30302
-206e (base 15) to base 5
-204404
What is 23333 (base 6) in base 10?
3369
What is 1666 (base 8) in base 16?
3b6
-160 (base 8) to base 12
-94
-83d (base 15) to base 14
-96a
Convert -b2 (base 13) to base 4.
-2101
-2454 (base 6) to base 14
-318
Convert 94b (base 14) to base 5.
24311
What is 2369 (base 13) in base 7?
20354
Convert 2a72 (base 11) to base 12.
2353
What is 218 (base 10) in base 8?
332
What is 168 (base 12) in base 2?
11100000
45442 (base 6) to base 11
491a
Convert 23012 (base 9) to base 10.
15320
Convert 32352 (base 10) to base 13.
11958
3b4 (base 14) to base 2
1011101010
Convert -2221 (base 3) to base 7.
-142
Convert 12163 (base 7) to base 9.
4324
-1441 (base 11) to base 14
-96c
Convert -10111111 (base 2) to base 15.
-cb
What is 30135 (base 8) in base 9?
17876
4620 (base 13) to base 8
23144
-b91 (base 12) to base 7
-4636
300211 (base 5) to base 3
110221022
9cf (base 16) to base 7
10215
303 (base 14) to base 11
498
32753 (base 9) to base 7
120300
-10122111 (base 3) to base 6
-20151
Convert 323 (base 9) to base 14.
14c
2183 (base 12) to base 4
321303
-5631 (base 12) to base 9
-14071
Convert 1bb (base 13) to base 3.
102222
11231 (base 4) to base 6
1405
What is 2010120 (base 4) in base 6?
103120
Convert -198a (base 13) to base 11.
-2974
What is 21be (base 15) in base 14?
2870
-71 (base 15) to base 12
-8a
-98 (base 13) to base 4
-1331
-778 (base 11) to base 12
-658
What is -3111 (base 11) in base 15?
-1351
b76 (base 12) to base 4
122022
332300 (base 4) to base 7
14465
Convert -1012223 (base 4) to base 14.
-1911
Convert -2120 (base 6) to base 4.
-13200
What is 501 (base 6) in base 15?
c1
-466 (base 8) to base 10
-310
What is 4155 (base 14) in base 15?
34ec
28b8 (base 14) to base 9
10810
10ac (base 15) to base 5
103122
Convert -2147 (base 11) to base 4.
-230102
What is 542 (base 9) in base 4?
12323
What is 4775 (base 11) in base 6?
44541
Convert 110100101110100 (base 2) to base 14.
9ba4
What is 451 (base 8) in base 3?
102000
-1434 (base 7) to base 6
-2340
Convert -444 (base 6) to base 7.
-334
Convert -d80b (base 14) to base 10.
-37251
50 (base 10) to base 12
42
10010001100 (base 2) to base 4
102030
Convert 1325 (base 12) to base 4.
202031
What is -1010001111000 (base 2) in base 15?
-1845
What is -3033010 (base 4) in base 8?
-31704
2112120 (base 3) to base 15
836
What is 1133 (base 7) in base 8?
640
Convert 2551 (base 8) to base 16.
569
-2f2a (base 16) to base 12
-6ba2
-47 (base 11) to base 10
-51
-440 (base 12) to base 11
-518
Convert 111100110 (base 2) to base 15.
226
Convert -151 (base 12) to base 13.
-12a
What is -15c (base 16) in base 5?
-2343
Convert -100011000100 (base 2) to base 5.
-32434
What is -1000 (base 6) in base 14?
-116
What is -100000001111100 (base 2) in base 5?
-1012013
4752 (base 14) to base 12
7230
What is 1000 (base 3) in base 2?
11011
What is -121211 (base 4) in base 12?
-b45
Convert -57140 (base 9) to base 15.
-b400
What is 743 (base 9) in base 12?
426
Convert 332132 (base 4) to base 14.
1658
Convert -1110101101 (base 2) to base 13.
-575
-108 (base 10) to base 6
-300
What is 201122021 (base 3) in base 15?
4397
-2112100 (base 4) to base 14
-370c
12211220 (base 3) to base 13
1c2c
Convert 151 (base 16) to base 14.
1a1
Convert 160144 (base 7) to base 12.
1613a
What is -61666 (base 8) in base 15?
-786b
101120 (base 3) to base 8
435
Convert -502 (base 12) to base 6.
-3202
Convert -17277 (base 11) to base 9.
-36272
What is 21022 (base 3) in base 13?
122
58a6 (base 13) to base 8
30271
Convert -616 (base 11) to base 15.
-348
What is 13202032 (base 4) in base 6?
354514
Convert 10402 (base 5) to base 15.
337
What is 2d9 (base 15) in base 11?
545
Convert 1091 (base 13) to base 14.
bb5
Convert -1140 (base 5) to base 7.
-332
11503 (base 9) to base 8
17022
What is -2240 (base 5) in base 4?
-11000
Convert -3046a (base 12) to base 7.
-351166
Convert -10101102 (base 3) to base 15.
-ae8
Convert -522 (base 9) to base 7.
-1145
1767 (base 11) to base 16
8cb
What is 11111 (base 4) in base 10?
341
What is -4956 (base 14) in base 5?
-402231
What is -101010011 (base 2) in base 15?
-179
What is 800 (base 13) in base 6?
10132
21c8 (base 13) to base 8
11167
Convert 134 (base 7) to base 10.
74
Convert 230103 (base 4) to base 7.
11160
What is 121212120 (base 3) in base 11?
9272
What is 814 (base 16) in base 5?
31233
-20301331 (base 4) to base 2
-1000110001111101
What is -52054 (base 8) in base 13?
-9a67
Convert -1201222221 (base 3) to base 16.
-85d5
What is -23 (base 12) in base 9?
-30
-b31 (base 12) to base 16
-655
Convert 17575 (base 8) to base 5.
224221
Convert -3011 (base 7) to base 2.
-10000001101
What is 431 (base 5) in base 8?
164
Convert -5265 (base 8) to base 2.
-101010110101
-16106 (base 9) to base 10
-11022
Convert 10310 (base 6) to base 5.
21120
-12121330 (base 4) to base 16
-667c
Convert 3ab (base 15) to base 11.
6a0
What is 158 (base 12) in base 11?
183
-a29 (base 14) to base 9
-2658
-dd35 (base 15) to base 4
-23130002
What is -1851 (base 9) in base 5?
-21143
What is -5a (base 14) in base 10?
-80
Convert 11010010000001 (base 2) to base 16.
3481
-3032 (base 10) to base 7
-11561
-22404 (base 7) to base 12
-3360
8ba (base 12) to base 10
1294
-2db (base 16) to base 7
-2063
Convert -1406 (base 7) to base 2.
-1000100001
Convert -392 (base 14) to base 3.
-222112
15cc (base 15) to base 6
33420
-884 (base 9) to base 6
-3204
Convert 41313 (base 5) to base 8.
5224
Convert 512 (base 9) to base 10.
416
What is 2147 (base 10) in base 5?
32042
2b9b (base 15) to base 11
704a
What is 8b72 (base 12) in base 5?
443434
-4530 (base 6) to base 5
-13222
10010001111 (base 2) to base 13
6ba
What is 936 (base 16) in base 2?
100100110110
What is 5721 (base 9) in base 3?
12210201
What is -b17 (base 12) in base 3?
-2012101
Convert 1101122011 (base 3) to base 9.
41564
Convert -12223 (base 9) to base 12.
-48b6
Convert 312101 (base 4) to base 15.
1068
-1111000000 (base 2) to base 8
-1700
Convert 223a (base 15) to base 12.
4247
-2e52 (base 15) to base 4
-2123321
-567 (base 8) to base 11
-311
30051 (base 7) to base 5
212424
-21210021 (base 3) to base 13
-2779
-13214 (base 6) to base 15
-901
What is 264 (base 15) in base 3?
202011
1011022121 (base 3) to base 10
22831
3ca (base 14) to base 3
1001101
-1001220020 (base 3) to base 12
-10236
1330434 (base 5) to base 10
26994
Convert 31010013 (base 4) to base 3.
2201101220
123321 (base 4) to base 12
1049
Convert -165 (base 14) to base 11.
-23a
Convert 547 (base 13) to base 3.
1020111
Convert -14a (base 11) to base 2.
-10101111
Convert 7672 (base 8) to base 15.
12d6
541 (base 10) to base 13
328
What is -33312 (base 4) in base 8?
-1766
Convert -1001221022 (base 3) to base 15.
-63b5
What is 11212 (base 4) in base 3?
111021
What is 100100101110 (base 2) in base 13?
10ba
What is 30322231 (base 4) in base 13?
1b10c
-b09 (base 12) to base 14
-81b
10230332 (base 4) to base 9
28372
What is 1211223 (base 4) in base 10?
6507
What is -12111122 (base 3) in base 15?
-12c8
What is -20133313 (base 4) in base 16?
-87f7
-f1 (base 16) to base 2
-11110001
What is -202120202 (base 3) in base 14?
-567b
Convert 306 (base 8) to base 7.
402
What is 1911 (base 13) in base 10?
3732
Convert 154 (base 7) to base 15.
5d
What is 71744 (base 8) in base 15?
8bcd
-8aba (base 16) to base 6
-432230
-321 (base 13) to base 6
-2250
32213121 (base 4) to base 16
e9d9
1011100 (base 3) to base 16
34e
What is -8565 (base 9) in base 4?
-1202120
What is b196 (base 12) in base 14?
7042
What is 23300310 (base 4) in base 2?
1011110000110100
What is 3104 (base 11) in base 12?
2472
Convert 18102 (base 14) to base 7.
341402
What